*5/30 - 23*k**4/24 + 23*k**3/6 + 88*k**2. Calculate the remainder when q(-6) is divided by 7.
5
Let n = -431729 - -797005. What is the remainder when (-5)/(-7) + -1 - n/(-742) is divided by 33?
30
Suppose -17 = -4*i - 1. Let o(z) = -2*z - 2. Let u(t) = t + 7. Let q(g) = -8*o(g) - 3*u(g). What is the remainder when q(i) is divided by 18?
11
Suppose c + 4*k - 44 = -0*c, 0 = -5*c + 5*k + 270. What is the remainder when 622 is divided by c?
50
Suppose -17 + 17 = -2*s. Suppose s = 15*f - 120 - 1005. Calculate the remainder when f is divided by 19.
18
Suppose 4*q = -23*q + 324. What is the remainder when ((-45)/2)/(3/(-6)) is divided by q?
9
Let g be (-4 + 25)/7 - (-2 - -1). Suppose -86 + g = -2*r. Calculate the remainder when 284 is divided by r.
38
Let z(a) = -534*a - 3675. Calculate the remainder when 388 is divided by z(-7).
10
Let g be (-132)/(-6)*((-3)/(-2) + -2). What is the remainder when 142 is divided by g/3*(-44 - -41)?
10
Let d = -89 - -83. Let r = -26 + 43. Calculate the remainder when r is divided by 9/d + 34/4.
3
Let u = 91 + -168. Let y = u + 77. Suppose 0 = -3*b + 3*j + 108, j + y*j = -b + 36. What is the remainder when b is divided by 14?
8
Suppose -g + 548 = 18*c - 14*c, 0 = g + 2*c - 560. What is the remainder when g is divided by 92?
20
Let f = 14662 + -14340. Calculate the remainder when f is divided by 138.
46
Suppose y = -0*y + 7. Suppose t - 2*l = -y*l + 28, -5*l = 4*t - 112. What is the remainder when (-1254)/(-19) - -39 - (9 - 2) is divided by t?
14
Let v = -8245 + 8252. Let d = 10 + -6. What is the remainder when v is divided by d?
3
Suppose 121*h - 21753 - 15075 = -65*h. Calculate the remainder when 1572 is divided by h.
186
Suppose -92114 + 221010 = 104*v - 71720. Calculate the remainder when v is divided by 27.
12
Let v = 4492 + -4440. What is the remainder when v is divided by 47?
5
Suppose -24 = -m + 4*p, -58 = -4*m - 4*p + p. Let c(u) = u**2 + 2*u - 19. Let v be c(9). Let a = v - 51. Calculate the remainder when a is divided by m.
13
Let s(t) = 23*t - 85. Calculate the remainder when s(8) is divided by 84.
15
Let i be (-168)/16*(-24)/9. Calculate the remainder when (-4)/(i/35) + 98 is divided by 28.
9
Suppose 0 = -d + 2*x + 54, 2*x + 216 = 4*d + 24. Let z = d + -51. Let m = 18 + z. What is the remainder when 49 is divided by m?
10
Suppose -109 + 29 = -b. Suppose -b = -5*r + 320. What is the remainder when r is divided by 27?
26
What is the remainder when 686 is divided by 510 + -455 + 1/5 + 29/5?
15
Let t = 9085 - 9077. Calculate the remainder when 768 is divided by t.
0
Let q be (29393/51)/(2/(-6)). Let x = -954 - q. Calculate the remainder when x is divided by 21.
19
Let t(l) = -l**2 + 15*l - 53. Let n be t(7). What is the remainder when 2 is divided by 10/(-225)*n + (-32)/(-15)?
0
Let t(s) = -2*s**2 - 466*s + 5446. What is the remainder when t(-244) is divided by 0 - 1/(1/(-20))?
18
Suppose -4*d + 1277 = 129. Suppose 0*o - 2*o - 3*k + 321 = 0, 632 = 4*o - 4*k. Let n = d - o. Calculate the remainder when n is divided by 33.
29
Let n(w) = 46*w + 9. Let z be n(13). Suppose -8*i = -1903 + z. Suppose 48 - i = -6*o. What is the remainder when o is divided by 11?
8
Let h(x) = -1087*x + 6665. What is the remainder when 754 is divided by h(6)?
39
Suppose 223 = 8*s - 12 - 77. Calculate the remainder when 317 is divided by s.
5
Suppose 0 = 17*s + 10117 - 39102. Suppose -s = -6*c - 5*c. Calculate the remainder when c is divided by 39.
38
Calculate the remainder when -7*(-5)/(-140) - (9867/(-12) - -1) is divided by 39.
2
Suppose 0 = 7*s - x - 11, 3*s - 4*s = -2*x + 4. Suppose 20 = 4*n - 0, -2*r + 92 = s*n. Calculate the remainder when 116 is divided by r.
34
Suppose 8*y - 3*y = 30. Suppose 20*s - y = 17*s. Suppose -12 = 5*l - 32. Calculate the remainder when l is divided by s.
0
Let i = 85 - 89. Let j = 17 + -7. What is the remainder when (-74 + (-4)/2)/i is divided by j?
9
Let o = 207 - 203. Suppose 272 = -o*w + 12*w. What is the remainder when 67 is divided by w?
33
Calculate the remainder when 12/10 + 1981829/305 is divided by 33.
31
Let h(l) be the first derivative of -l**4/4 - l**3/3 - 2*l**2 + 279*l - 25. What is the remainder when h(0) is divided by 35?
34
Calculate the remainder when 50/50*(122 - 0) is divided by 105.
17
Suppose 5416 - 530 = 2*m. What is the remainder when m is divided by 15?
13
Suppose 0 = -3*o + 5*v + 569, -4*o + v + 0*v = -753. Calculate the remainder when o is divided by -5 + (-60)/(-4) + 0 + 0.
8
Let t(i) = 8*i + 2. Let q = -1180 + 1187. Calculate the remainder when t(4) is divided by q.
6
Let v(f) = 46*f**2 - 4*f - 2. Suppose -3*s = 4*w - 9*w + 84, -3*w - 5*s + 64 = 0. What is the remainder when v(2) is divided by w?
12
Suppose 0 = 55*d - 296 - 639. Calculate the remainder when 193 is divided by d.
6
Let g(o) = -26*o**3 + 2*o**2 - 1. Suppose 4*l = 3*l - 1. Let k(t) = t**3 + 3*t**2 - 12*t + 4. Calculate the remainder when g(l) is divided by k(-5).
13
Suppose 4*r = -2*j - 162, -5*j = r + 4*r + 200. Let g = -27 - r. Let t = g - -14. What is the remainder when t is divided by 12?
4
Suppose -8*i - 24 + 56 = 0. Suppose -4*r + i*u + 118 = 9*u, 2*r - 66 = u. What is the remainder when r is divided by 14?
4
Suppose 2*j = -2*u + 1004, 29*u - 31*u + 995 = 5*j. Calculate the remainder when u is divided by 73.
67
Let a(i) = -i**2 + 7*i + 2. Let j be a(7). Suppose -2*r + j = -6. Calculate the remainder when (r - 36/8)*-174 is divided by 25.
12
Let g(n) = 124*n**3 + 5*n**2 + 3*n + 5*n + 3 - 125*n**3. Calculate the remainder when g(-4) is divided by 40.
35
Suppose 16*d - 1343 = -3*a + 18*d, 5*a + 4*d - 2187 = 0. Calculate the remainder when a is divided by (-37)/2*-2 - 0.
36
Suppose 34*c - 94 = 76. Suppose 4*x - 103 = -c*k + 68, 5*x - 220 = -5*k. What is the remainder when x is divided by 31?
18
Let m = 5584 - 5427. Calculate the remainder when 582 is divided by m.
111
Let f(m) = -517*m + 11619. Calculate the remainder when 961 is divided by f(22).
226
Let m be (24/(-14))/4 - (-288)/(-63). Let q(t) = 2*t**2 + 38*t + 164. What is the remainder when 107 is divided by q(m)?
11
Suppose 0 = -6*s + 3*s + 558. Suppose s = 5*c - 3*c. Let f = 913 - 894. Calculate the remainder when c is divided by f.
17
Let m(r) = 65*r - 16. Calculate the remainder when 1479 is divided by m(2).
111
Calculate the remainder when (-214)/3*((-310)/28 + (-420)/(-735)) is divided by 231.
56
Let p(r) be the third derivative of 9*r**4/8 - 127*r**3/6 + 2*r**2 - 170*r. Calculate the remainder when ((-3)/4)/((-2)/56) is divided by p(5).
5
Let i be (110/(-220))/(1/(-10)). Suppose j + 58 = 2*h, j - 60 + 199 = i*h. Let c = 73 + -1. Calculate the remainder when c is divided by h.
18
Suppose f + 345*p - 346*p - 24 = 0, 3*f + 5*p = 120. What is the remainder when 358 is divided by f?
28
Suppose -c = 2*h + 3*h + 475, 0 = -4*c. Let k = 152 + h. What is the remainder when k is divided by (-10)/3*(-9)/24*(4 - -20)?
27
Let r(x) = x**2 + 11*x - 43. Let j be r(-15). Suppose -10*z + j*z - 658 = 0. Calculate the remainder when z is divided by 20 - (-1*1)/(-1).
18
Let l = -236 - -446. Suppose 4*q = a + 25, 5*a - q + l = 2*q. What is the remainder when 81 is divided by 30/a*(-41 - 1)?
25
Suppose -2*t = 10, -550 = -5*w - 2*t - 3*t. Suppose -10*g = -5*g + 140. What is the remainder when w is divided by 87*(g/12)/(-7)?
28
Let d be ((-340)/30)/((-2)/288). Calculate the remainder when d/22 - (1 - (-54)/(-66)) is divided by 7.
4
Suppose 64 = -2*d + 70. Suppose -d*u = a + 2*a - 297, 2*a = -4*u + 400. Calculate the remainder when u is divided by 5.
1
Let j = 5028 - 4992. What is the remainder when 1938 is divided by j?
30
Let d = 34 - 29. Suppose -l - 124 - 146 = -4*m, 0 = 4*m + l - 274. What is the remainder when m is divided by d?
3
Suppose 0 = -160*p + 155*p + 2745. Calculate the remainder when (p/4)/(81/108) is divided by 48.
39
Let u(b) = 31*b - 258. Let j(d) = -14*d + 149. Let s be j(10). What is the remainder when 123 is divided by u(s)?
18
Suppose -6500 - 4278 = -17*g. What is the remainder when 1281 is divided by g?
13
Calculate the remainder when (-6)/(-63) - (50675888/168)/(-19) is divided by 17.
15
Suppose -5*a + 300 = -5*c - 110, 5*a + 319 = -4*c. Let l = c + 161. Let p = l - 65. Calculate the remainder when p is divided by 8.
7
Suppose 0*c - 2*c + 14 = 